+ 30, -4*u = 4. Determine g(v).
-28
Let t(v) = 7*v**3 - 5*v**2 + 3. Let i(s) = -3*s**3 + 3*s**2 + s - 2. Let g(z) = -5*i(z) - 2*t(z). Suppose -4*y - 5*f = -2 - 7, -f + 3 = y. Determine g(y).
10
Let b(p) = p**3 + 6*p**2 + 7*p + 7. Let t = 1610 + -1615. What is b(t)?
-3
Let i(q) be the third derivative of -q**6/120 - q**5/30 - q**4/12 + q**3/3 + 56*q**2. Suppose w - 2 + 4 = 0. Determine i(w).
6
Let x(v) = v**2 + 11*v - 9. Suppose -420 = 49*d + 119. Determine x(d).
-9
Let v = 60 - 58. Let p(b) = 0 + 4*b + 7 - 2 + 5*b**v - 5*b + b**3. Determine p(-5).
10
Let j(t) be the second derivative of -t**4/12 + 7*t**3/6 - t**2/2 - 6*t + 15. Give j(6).
5
Let a = 13 + -6. Let x = a + -11. Let z(p) = p**2 + 3*p + 6. Calculate z(x).
10
Suppose 32 = -12*d + 152. Let x = d + -17. Let f(u) = u**2 + 5*u - 2. Give f(x).
12
Let n(u) be the first derivative of u**3/6 - 7*u**2/2 + 13*u - 1. Let i(a) be the first derivative of n(a). What is i(6)?
-1
Let l(d) = 17 - 38 + 10 + d**2 + 14*d. Determine l(-14).
-11
Let v(q) = q**3 + 8*q**2 + 9*q. Suppose 5*p = 4*y - 15, -4*p - 7*y - 18 = -9*y. Calculate v(p).
-14
Let h(z) = 3*z**2 - 1. Let k be h(1). Let d(s) = -s**3 - 1 + 2 + 3 - 3 - 2*s - k*s**2. Calculate d(-2).
5
Let f = 74 + -61. Let c(v) = v - 12. Calculate c(f).
1
Let v(w) = -6 - 7*w + w**3 + w**3 + 4*w**2 - w**3. Let a be 4/(-10) + (-847)/(-55). Suppose 59*i = 56*i - a. Determine v(i).
4
Let z(v) be the second derivative of v**3/2 - 5*v**2 - 13*v - 7. Give z(4).
2
Suppose -2*u - 13 = -17. Let l(w) = 0*w**2 + 3*w - 9*w - w**u. Let p be 7*1*(4 + -5). Determine l(p).
-7
Let m(d) = -d**3 + d**2 + 6. Let x = 21 - 3. Let c be 3/x + 490/12. Suppose 0 = -36*h + c*h. Calculate m(h).
6
Let s(y) be the third derivative of y**6/360 + y**5/120 + y**4/24 + 3*y**3/2 + 10*y**2. Let t(f) be the first derivative of s(f). Give t(-2).
3
Let c(p) = -p**3 - 11*p**2 + p + 8. Suppose -69 - 151 = 20*h. Calculate c(h).
-3
Let p be 5 + 8/2*-1. Let m(n) be the third derivative of n**6/120 + n**4/24 - n**3/6 + 4*n**2. Calculate m(p).
1
Let i(g) be the third derivative of -g**5/60 - g**4/2 - 4*g**3/3 + g**2 + g. Give i(-9).
19
Let f(l) be the second derivative of l**3/3 + 2*l**2 + 5*l - 6. What is f(4)?
12
Suppose 0 = -4*s + i + 4, 0 = -0*s + s - 3*i + 10. Suppose -2*w = -3*w + 3*t + 16, -4*w = -s*t - 44. Let n(l) = w*l - 2 - 4*l - 4*l + 3. Determine n(4).
9
Let x(g) = -g**2 - 6*g - 6. Let p be x(-4). Suppose 5*a - 7 = 2*h - 0*a, p*a = 3*h + 16. Let r(i) = 7 + 24*i - 7*i**2 - 50*i + 21*i - i**3. What is r(h)?
1
Let m(b) = -33*b**3 + b**2 - 1. Let o be ((-14)/35)/(2/5). Give m(o).
33
Let o = 582 - 581. Let t be 1*(-2 + 2)/2. Let i(r) = t*r + 2 - 3*r**2 + r**3 - 3 + 2*r. What is i(o)?
-1
Let r = -17 - -33. Suppose 2*p = -2*p + r. Let b(g) = 9*g + 12. Let y(j) = 28*j + 38. Let w(n) = 16*b(n) - 5*y(n). Determine w(p).
18
Let h(u) = -4*u**2 + u. Let z(c) = 4*c**2 - 2*c + 1. Let n(g) = -2*h(g) - 3*z(g). Let a be (-5)/25*5/(-7)*(3 - -11). Determine n(a).
-11
Let k(d) = -d**2 - 12*d + 5. Suppose -6*o - z - 73 = 0, -5*o + z = -8 + 67. Determine k(o).
5
Let t = -52 + 107. Suppose t = -5*p - 3*o - 0, 0 = 2*p - 2*o + 22. Let m = -8 - p. Let z(g) = 3*g - 3. Calculate z(m).
6
Let u(l) = 5*l**3 - 6*l**3 + 4*l**2 + 7*l + 3 - 6 - 4. Let t = 18 - -11. Suppose -m - 4*m + f + 26 = 0, t = 5*m - 4*f. Determine u(m).
3
Let a be 1 - (-3 + (-10)/(-5)). Suppose 0 = 4*i + 4*z - 6 + 22, -a*i = -z + 11. Let d(c) = c**3 + 6*c**2 + 4*c - 7. What is d(i)?
-2
Let u(g) be the second derivative of g**7/2520 + g**6/90 - g**5/10 + g**4/3 + 3*g. Let v(s) be the third derivative of u(s). What is v(-10)?
8
Let j(s) = -3 - 6*s + s**2 + 0 + 4. Let h(n) = -2*n**3 + 56*n**2 + 55*n + 93. Let a be h(29). Calculate j(a).
1
Let m(k) = k**2 - 5*k + 3. Let s(w) = w + 12. Let z be s(8). Suppose -o = -5*o + 4*r + 32, -z = 4*r. Let i be o/((-9)/4 + 3). Calculate m(i).
-1
Suppose 9*p = 5*p + 8. Suppose 5*o - 16 + 6 = 0. Let y(i) = -5*i**o + 39*i + 2*i**p - 38*i - 3*i**2 - 1. Give y(1).
-6
Let f(w) = -2*w**3 + w**2 + 20*w + 1. Let k be f(-3). Let d(i) = 2*i - 3. Give d(k).
5
Let b(d) = -d**3 - d**2 - 6. Let f = -75 + 75. Determine b(f).
-6
Let d be (-1*(-15)/(-25))/(1/5). Let z(w) be the first derivative of -w**2/2 - 2*w + 2. What is z(d)?
1
Suppose b = -v - 1, 3*v = 3*b - 1 - 2. Suppose j - 4*j = -6. Let y(k) = -k**2 + 7*k**3 + 4*k**2 - j*k**2 + k. Give y(v).
-7
Let y(c) = 2*c**2 + 53*c - 14. Suppose 162 = -49*l + 43*l. What is y(l)?
13
Let c = 5 - 5. Let l(x) be the second derivative of -x**4/12 + 5*x**2/2 - 22*x. Calculate l(c).
5
Let c(x) be the first derivative of -3*x**4/4 - x**3 - 3*x**2/2 - x - 41. Determine c(-2).
17
Suppose -3*n + q + 1 = 0, 5*q - 12 = -3*n + n. Let f(d) be the third derivative of 1/12*d**4 - 1/20*d**5 + 0*d - 6*d**2 + 0 - 1/6*d**3. Determine f(n).
-2
Let w(p) = 85890*p - 10*p**2 - p**3 + 3 - 85904*p + 4. Calculate w(-8).
-9
Let m(q) = -3*q + 2. Let r be m(-2). Let n(y) = r*y**3 + 19 + 26 - 2*y - 44. Determine n(1).
7
Let f(q) = -8*q - 1. Let g = 99 - 102. Let t(j) = j**3 + 4*j**2 + 3*j + 1. Let v be t(g). Determine f(v).
-9
Let h(b) = 4*b + 2. Let f be -2 + 5/(15/9). Let d(s) = s. Let q(g) = f*h(g) - 5*d(g). Suppose l + 264 - 267 = 0. Calculate q(l).
-1
Let j(h) = 11*h**2 + 1. Let i(b) = -b**3 + 5*b**2 - 17. Let o be i(4). Determine j(o).
12
Let x(h) = 3*h - 28. Suppose -3*z - 18 = -i, -20*z - 27 = -4*i - 23*z. Determine x(i).
-1
Suppose 52 = 5*u + 32. Suppose 0*w - x + 4 = -w, 34 = -u*w - 5*x. Let y(j) = -3*j + 5. Determine y(w).
23
Let b = 1785 + -1787. Let q(t) = 6*t**2 - 2*t**2 + 2*t**3 - t**3 + t. Determine q(b).
6
Let k be (1 - (1 - 0))/(-3). Suppose k = -2*g + 3 + 1. Let b(p) = -p**3 + 4*p**2 - g*p - 5*p**2 + 5*p - 4 + 0. Determine b(-3).
5
Let r(b) = -b**2 + 0*b**2 - 6*b - b**2. Let v = 4 - 0. Suppose l = -j, -3*j - v = 4*l - 0. Determine r(l).
-8
Suppose -11*p = -19*p + 16. Let i(w) = -2*w - 3. Let o be i(-4). Let x(k) = -2*k + 5*k - o*k. Calculate x(p).
-4
Let p(j) = -j**3 + 1. Let w be p(1). Suppose f + w*k + k - 3 = 0, 0 = -5*k + 20. Let i(d) = -1 - 2*d**2 + 1170*d + 1178*d - 2349*d. Calculate i(f).
-2
Let x = -573 - -570. Let z(l) = -l**2 - 3*l - 1. Calculate z(x).
-1
Let y be ((-8)/3)/(10/(-15)). Suppose y*l = 8*l - 28. Let i(f) = l*f - 6*f + 0*f. Calculate i(-4).
-4
Let g(a) = 5*a**3 + 8*a**2 - 30*a - 12. Let m(n) = -11*n**3 - 18*n**2 + 64*n + 25. Let i(t) = -13*g(t) - 6*m(t). What is i(-3)?
-3
Let t(u) be the second derivative of -u**6/180 + u**5/40 + u**4/12 - 11*u. Let w(h) be the third derivative of t(h). Calculate w(2).
-5
Let a(d) = 6*d + 4*d - 8*d + 0*d. Let o be a(1). Let x(v) = 3*v + 1. Give x(o).
7
Let b(j) = -j**3 + 5*j**2 - 3*j. Suppose 4*s + 3*p - 20 = 4*p, -5*s + 3*p = -32. Give b(s).
4
Let t(j) be the third derivative of -j**5/60 + j**4/2 + 7*j**3/3 - 366*j**2. Determine t(10).
34
Let b(d) be the second derivative of -d**2 - 4*d + 1/2*d**3 + 0 + 1/60*d**5 - 1/6*d**4. Let h(n) be the first derivative of b(n). Calculate h(4).
3
Let w(g) = 15*g + 9. Let o(m) = 1 - 3 - 39*m + 36*m. Let p(a) = -a**3 - 5. Let l be p(0). Let u(v) = l*w(v) - 24*o(v). Give u(2).
-3
Let j(k) = -16*k**2 + 12*k - 16. Let v be j(3). Let f = 120 + v. Let n(d) = d + 3. Give n(f).
-1
Let y(g) = -7*g - 8. Let h(c) = -13*c - 15. Let t = 32 - 30. Suppose 0 = 3*m - 2*l + 13 + 1, t*m + 5*l = -22. Let i(v) = m*h(v) + 11*y(v). What is i(-4)?
-2
Suppose 5*n - 11 = 24. Let p(t) = -2*t - n - 4*t + 5*t. Calculate p(0).
-7
Suppose -12 = 4*r, -x - 2*r - 1 = -4. Let b(m) be the third derivative of -m**6/120 + 2*m**5/15 + 5*m**4/12 - 3*m**3/2 - 18*m**2. What is b(x)?
0
Let j(k) = k**3 - 4*k**2 - k. Let s be 4/3*(-3)/2. Let w be 1/(-4) + s/(-8). Let y be w + 2/((-6)/(-9)). Give j(y).
-12
Let s(r) be the first derivative of -r**2 + r + 91. Calculate s(12).
-23
Let s(m) = 2*m**2 + 15*m - 4. Let r be s(-8). Let w(n) = n**2 - n**3 + 5 + 7*n**2 + 5*n - r*n**2 + n**2. Calculate w(6).
-1
Let j(x) = -3*x + 7*x - 1 + 5*x. Let c be -2 - ((1 - 1) + (-710)/(-5)). Let d = -143 - c. Determine j(d).
8
Let i(y) be the second derivative of -y**4/4 + 7*y**2 - 4*y. Let o(q) be the first derivative of i(q). What is o(-1)?
6
Suppose -26*g - 8 - 44 = 0. Let x(w) = -16*w + 2. Give x(g).
34
Suppose 3*v - 9 = -3*p, -100*p = -97*p - v - 13. Let o = 2 - 0. Let m(r